0 - x. Is 20 a factor of i?
True
Let g = 3 + -5. Does 15 divide (29 + 1)/(g/(-3))?
True
Suppose 0 = 2*y + 2*k - 156, -y + 5*k = 2*k - 66. Suppose 0 = -3*l + 3*p - 7*p + 45, 5*l - y = -2*p. Does 15 divide l?
True
Suppose -h - 22 = m - 106, h - 2*m = 93. Does 29 divide h?
True
Let t(d) = 30*d - 1. Let u be t(2). Suppose 4*z + 0*z - 364 = 0. Let w = z - u. Is 16 a factor of w?
True
Let l = 946 + -626. Is 16 a factor of l?
True
Let d = 35 + -28. Suppose -w - d + 21 = 2*g, -38 = -2*w + g. Does 6 divide w?
True
Suppose -3*k - k + 8 = 0. Suppose -k*f = 4*h - 2, 3*h + 14 + 4 = 5*f. Suppose -50 = -8*g + f*g. Is g a multiple of 7?
False
Let v be (11 + 0)/(-1 - 0). Let g = 22 + v. Is g a multiple of 8?
False
Suppose -10 = -d + 5. Suppose d = -r + 6*r. Suppose -r*v + 15 = -0*v. Does 5 divide v?
True
Let q(a) = -a**3 - 6*a**2 - 13. Is 12 a factor of q(-7)?
True
Let m be (16/2)/(6/(-18)). Let y = m + 47. Does 10 divide y?
False
Does 6 divide -10*((-18)/(-10))/((-3)/15)?
True
Suppose 0 = 3*p - 5*m - 34 - 9, 0 = -p + 2*m + 14. Is p even?
True
Let m(o) = -o**2 + 5*o. Let b be m(4). Suppose 0 = -v - k - k + 24, -106 = -b*v - 3*k. Is v a multiple of 19?
False
Let k = 84 + -59. Is k a multiple of 5?
True
Let w(j) = j**3 + 11*j**2 + 7*j + 12. Let c be w(-10). Suppose 15 - c = -p. Suppose 0 = -r + z + p, 2*z - 1 + 3 = 0. Is 15 a factor of r?
False
Suppose -5*a - 4*p + 24 = 0, -2*a + 28 = 3*a + 3*p. Let s(k) = -k**3 + 0*k**2 + a - 3 + 7*k**2 + 8*k. Does 2 divide s(8)?
False
Let k(i) = -i**3 + 5*i**2 + 2*i - 5. Is k(4) a multiple of 19?
True
Suppose 4*m + 6*x - 2*x - 728 = 0, 3*m + 4*x - 548 = 0. Does 20 divide m?
True
Let u(q) = -11*q + 2. Let d be u(-4). Let n = d - -7. Is 15 a factor of n?
False
Let m be 6 - 1*(1 + 1). Suppose -m*b + 53 = -39. Let q = -16 + b. Is q a multiple of 7?
True
Let u be 4/(-14) - (-64)/28. Let r = 2 - 0. Suppose -3*b + u*f + 88 = 0, 3*b + r*f + f - 63 = 0. Does 13 divide b?
True
Suppose 0 = 3*o - 0*o - 2*t - 65, 3*t = -2*o + 26. Is 4 a factor of o?
False
Let c(h) = -17*h - 8. Is 13 a factor of c(-5)?
False
Let o(v) = -v + 26. Does 7 divide o(0)?
False
Suppose 2*h = -2*h - 16. Let p(q) = q**3 + 4*q**2 - q + 1. Let r be p(h). Suppose -19 - 161 = -r*t. Does 19 divide t?
False
Let v(m) = -m**2 - 16*m + 11. Is 10 a factor of v(-10)?
False
Let i(f) = f**3 + 6*f**2 + 4*f - 2. Let k be i(-5). Let r = 10 + -14. Is k*7 - (r - -1) a multiple of 12?
True
Suppose -3*r + 5 + 1 = 0. Does 12 divide r/(-6) + 224/6?
False
Is (1 + 0 + 187)*26/26 a multiple of 47?
True
Suppose -4*m + 2*m - 4 = 0. Let g = 9 + m. Does 3 divide g?
False
Suppose 186 = -5*a + 486. Is a a multiple of 25?
False
Let h(x) = 4*x + 3*x**2 + 3 + x**2 - 3*x**2. Is h(-10) a multiple of 18?
False
Let j = 119 + -69. Is 5 a factor of j?
True
Let f = 122 - 56. Suppose f + 6 = 4*c. Is 9 a factor of c?
True
Suppose 4*r + 6 = 3*v + 13, r - 3*v = 4. Does 16 divide (-3 - (-1 + -17)) + r?
True
Suppose -s = 2*s - 12. Let l(d) be the third derivative of d**5/30 - d**4/8 - 5*d**3/6 - d**2. Is 6 a factor of l(s)?
False
Let h = -9 - -8. Let z be (0 - 0/h)/(-2). Suppose -2*q + 4 = r - 28, z = -2*q + 5*r + 32. Is 5 a factor of q?
False
Let k = 23 + -12. Suppose 2*o - k = -3. Is o a multiple of 2?
True
Suppose 0*x + x - 7 = 0. Suppose -x*y = -3*y - 8. Is (3 + -7)/(y/(-19)) a multiple of 19?
True
Let y(c) be the first derivative of -2*c - 1/4*c**4 + 7/3*c**3 - 3 - 3*c**2. Is y(5) a multiple of 18?
True
Suppose 0 = 3*d + 2*d - 220. Is d a multiple of 11?
True
Suppose u - 4*u = -3*v + 51, 5*u + 2*v + 99 = 0. Let r = u - -26. Is 7 a factor of r?
True
Let j = 12 + -9. Is 3 a factor of j?
True
Let t(c) = c**2 + 2*c - 7. Let w be t(-5). Does 9 divide (w/12)/(2/72)?
False
Let y(u) = 3*u - 3. Is 6 a factor of y(9)?
True
Let h(i) be the second derivative of i**3 - 9*i**2/2 - i. Is h(7) a multiple of 11?
True
Let o = -34 - -84. Does 10 divide o?
True
Suppose 2*y - 12 = -u - 4, 0 = -u - 3*y + 11. Suppose 2*p = -2*w + 10, -4*p = -w - 3 - 17. Suppose -p*a - 4*b = -111, b + 8 = u*a - 39. Is a a multiple of 11?
False
Suppose -2*w + 98 = -6. Is w a multiple of 13?
True
Suppose 4*p - 2*p = -4. Does 12 divide (-3 - -2)/(p/56)?
False
Suppose 5*x - 4*n + 175 = n, 3*n + 19 = -x. Let y = x + 13. Is y/(-3)*1/2 a multiple of 2?
False
Suppose -7*o = -2*o - 760. Suppose -4*m + o = -0*m. Is 19 a factor of m?
True
Let c = -73 - -97. Is 8 a factor of c?
True
Suppose 2*i = 3*l - 237, 135 = 3*l + 3*i - 102. Is 10 a factor of l?
False
Suppose -2*t - 3*m = -55, -9*t - m = -8*t - 28. Does 6 divide t?
False
Let c = 207 + -138. Suppose 6*d - 21 = c. Is d a multiple of 4?
False
Let q(v) = v**2 - 2*v - 1. Let j be q(3). Suppose 2*c = -3*z + 80, -j*z - 3*c + 7*c = -32. Suppose 2*t = 8 + z. Is 13 a factor of t?
False
Let v be ((-94)/4)/((-2)/(-4)). Suppose -2*b - 5*c + 160 - 7 = 0, -341 = -4*b - 3*c. Let y = v + b. Is y a multiple of 16?
False
Let n be -1*2*(-1 - -5). Let h(y) = y**3 + 7*y**2 - 10*y - 9. Does 3 divide h(n)?
False
Suppose -3*p = -0*p - 9. Suppose 0 = -0*f - p*f + 24. Is 4 a factor of f?
True
Suppose 3*l - 3 - 12 = 0. Suppose l*v = 3*v - 10. Let f = v - -12. Does 7 divide f?
True
Let w = 26 - 22. Suppose 0 = -4*a + 5*c, 0 = -3*a - a - 5*c + 40. Suppose a*r - 106 = 5*n + 54, 0 = -w*r + 3*n + 124. Does 14 divide r?
True
Suppose 0 = 4*u + 4, -6*r + 207 = -2*r - 3*u. Is r a multiple of 36?
False
Let y(o) = -o**2 - 9*o + 13. Let v be y(-10). Is 2 a factor of v/((-6)/(-32)*4)?
True
Let l(o) = -o**3 + 5*o**2 - 3. Let p be l(4). Suppose 4*a + 5*t = 3*a - p, 3*a = 2*t + 29. Let m(d) = -d**3 + 8*d**2 - 2*d + 7. Is m(a) a multiple of 12?
False
Let w(o) = -o**3 - 8*o**2 - 7*o. Let s(f) = 3*f - 1. Let j be s(-2). Let q be w(j). Suppose q*z + 2*z = 8. Is z a multiple of 3?
False
Let o = 63 - 6. Let a = o - 30. Does 9 divide a?
True
Let u(v) = v**3 + 16*v**2 - 21*v + 31. Is u(-17) a multiple of 11?
True
Let d(g) = -3*g**3 - 7*g**2 + g + 8. Let h(m) = -10*m**3 - 21*m**2 + 4*m + 24. Let n(c) = 7*d(c) - 2*h(c). Does 28 divide n(-8)?
False
Suppose 2*p + 38 = 4*p - 4*x, -5*x = 3*p - 2. Does 3 divide p?
True
Let k = -14 - -19. Let p = -5 - -11. Does 2 divide k/((-15)/9) + p?
False
Let b(o) = 2*o**2 + 7*o. Is b(-6) a multiple of 30?
True
Does 7 divide (-3)/((-15)/2)*(-2 + 107)?
True
Let l(c) = c**2 - 6*c - 2. Let i be l(7). Suppose 0 = -i*t + 3*t + 64. Let a = t - 21. Is 8 a factor of a?
False
Let w = -35 + 25. Does 3 divide (6 - 0) + 9 + w?
False
Let w(k) = 6*k**3 + k**2 + 3*k - 8. Does 5 divide w(2)?
True
Let w = 289 - 136. Is w a multiple of 17?
True
Is 15 a factor of (2/2 + 29)*(-2)/(-4)?
True
Let c(w) = 1 + 0 + 7*w**2 - w**3 + 3 + w**2 - 6*w. Is c(4) a multiple of 13?
False
Let i = -25 + 45. Is 5 a factor of i?
True
Let s(f) be the first derivative of f**4/4 - f**3/3 - 3. Let t be s(1). Suppose t = 7*x - 4*x - 78. Does 10 divide x?
False
Suppose 248 = 5*x + 63. Is 12 a factor of x?
False
Suppose 3*q - 543 = 2*a, -3*q + 3*a + 906 = 2*q. Is 32 a factor of q?
False
Let g(r) = -r + 2. Let x be g(2). Let a be -2*(-7 + (x - 1)). Suppose 4*y - a = -4*j, 3*y + 4*j = 4 + 9. Is 2 a factor of y?
False
Suppose -1 + 5 = 2*h + 4*l, -4*h = -4*l - 56. Is h even?
True
Let u be (-17)/(-5) + (-10)/25. Suppose -3*q + u = -2*q. Suppose -9 = -q*v + 3. Does 2 divide v?
True
Let f = -206 + 543. Is 10 a factor of f?
False
Let n(s) = s**2 - 10*s - 2*s**2 - s**2 + 3 + s**2. Let x be 4/(-6) + 25/(-3). Is 12 a factor of n(x)?
True
Let r(k) = 3*k**2 - 14*k + 7. Let v be r(6). Suppose -21 - 1 = n. Let w = v + n. Is w a multiple of 3?
True
Suppose -5*a + 256 = 4*j, 0*a - 128 = -2*j + 4*a. Does 11 divide j?
False
Suppose -v = 6 - 21. Does 3 divide v?
True
Let y be ((-1)/(-2))/((-2)/92). Suppose 4*x - 6 + 14 = 0. Let l = x - y. Is 21 a factor of l?
True
Suppose -x + 7*x = 150. Is 4 a factor of x?
False
Suppose -3*g + u = -g - 45, 2*u - 70 = -4*g. Let i = g + -49. Let d = 46 + i. Is d a multiple of 14?
False
Let v(s) = 3*s**2 - 7*s + 4. Does 8 divide v(4)?
True
Let o(p) = p**3 - 7*p**2 + p - 2. Let w be o(7). Suppose 3*f = 5*j - 85, -w*j - 2*f + 90 = -6*f. Is j a multiple of 14?
True
Let l be 3 + 1*1/(-1). Let n be -5*6/45*(2 + -8). Suppose 10 = n*g - l. Is g a multiple of 3?
True
Let v(l) = 3*l**2 + 0*l**2 - 3*l + l**2. Suppose h + 8 = 5*h. Does 5 divide v(h)?
True
Let d = 0 +